{"id":915,"date":"2022-04-08T15:55:11","date_gmt":"2022-04-08T13:55:11","guid":{"rendered":"https:\/\/expo.rosalis.bibliotheque.toulouse.fr\/l-eau-et-les-reves\/?page_id=915"},"modified":"2022-04-22T17:47:21","modified_gmt":"2022-04-22T15:47:21","slug":"bibliographie-sitographie","status":"publish","type":"page","link":"https:\/\/expo.rosalis.bibliotheque.toulouse.fr\/l-eau-et-les-reves\/ressources-medias\/bibliographie-sitographie\/","title":{"rendered":"Bibliographie \u2013 Sitographie"},"content":{"rendered":"\n<h2 class=\"wp-block-heading\" id=\"sur-le-livre-pauvre\">Sur le livre pauvre<\/h2>\n\n\n\n<div style=\"height:22px\" aria-hidden=\"true\" class=\"wp-block-spacer\"><\/div>\n\n\n\n<ul class=\"wp-block-list\"><li>LEUWERS, Daniel, <em>Les tr\u00e8s riches heures du livre pauvre<\/em>&nbsp;: exposition <em>La Riche<\/em>, Prieur\u00e9 Saint-Cosme, Gallimard, 2011LEUWERS, Daniel, <em>Livre pauvre, livre riche<\/em>, Daniel Leuwers, Somogy, 2006<\/li><li>LEUWERS, Daniel, <em>Richesses du livre pauvre<\/em>, Gallimard, 2008<\/li><li>LEUWERS, Daniel, <em>Livre pauvre, livre riche<\/em>, Daniel Leuwers, Somogy, 2006<\/li><li>MICHEL, Julien, \u00ab\u00a0Du white cube \u00e0 la page blanche : le livre comme lieu mus\u00e9al\u00a0\u00bb, <em>Histoire de l&rsquo;art<\/em>, n\u00b084-85, \u00ab\u00a0Etats du mus\u00e9e\u00a0\u00bb, 2020<\/li><li>MICHEL, Julien, <em>Le livre pauvre. Identit\u00e9 double, identit\u00e9 trouble<\/em>, m\u00e9moire de Master en Histoire de l&rsquo;art contemporain sous la direction d&rsquo;Evelyne Toussaint, Universit\u00e9 Toulouse II-Jean Jaur\u00e8s, 2019<\/li><li>MICHEL, Julien, \u00ab\u00a0Le passage du temps dans le livre pauvre\u00a0\u00bb, <em>Passages<\/em>, actes du colloque du cinquantenaire de l&rsquo;AICL, 2019<\/li><li><em>De l&rsquo;Allemagne : une collection de livres d&rsquo;artistes \u00e0 Belfort<\/em>, \u00e9d. S\u00e9koya, Mus\u00e9e d\u2019art et d\u2019histoire de Belfort, 2019<\/li><li><em>Les tr\u00e8s riches heures du livre pauvre<\/em>&nbsp;: exposition <em>La Riche<\/em>, Prieur\u00e9 Saint-Cosme, Daniel Leuwers, Gallimard, 2011<\/li><li>\u00ab&nbsp;<em><a rel=\"noreferrer noopener\" href=\"https:\/\/www.prieure-ronsard.fr\/explorer\/les-collections\/\" target=\"_blank\">Les livres pauvres<\/a>&nbsp;<\/em>\u00bb, Les collections de Livres pauvres du Prieur\u00e9 Saint-Cosme<\/li><li><em><a rel=\"noreferrer noopener\" href=\"https:\/\/m2edition-angers.fr\/le-livre-pauvre-livre-dart-livre-dartiste\/\" target=\"_blank\">Livre pauvre&nbsp;: livre d\u2019art&nbsp;? Livre d\u2019artiste&nbsp;?<\/a><\/em> Master Edition, \u00e9dition multim\u00e9dia et r\u00e9daction professionnelle d&rsquo;Angers<\/li><li>\u00ab<a rel=\"noreferrer noopener\" href=\"https:\/\/books.openedition.org\/pupo\/1877\" target=\"_blank\">&nbsp;<em>Le Livre d\u2019artiste&nbsp;: ph\u00e9nom\u00e8ne d\u2019exp\u00e9rience plastique, po\u00e9tique et typographique<\/em><\/a>&nbsp;\u00bb, article de Serge Chamchinov dans <em>L\u2019esth\u00e9tique du livre<\/em>, dirig\u00e9 par Alain Miron, Marc Perelman, Presses universitaires de Paris Nanterre, 2010<\/li><\/ul>\n\n\n\n<div style=\"height:50px\" aria-hidden=\"true\" class=\"wp-block-spacer\"><\/div>\n\n\n\n<h2 class=\"wp-block-heading\" id=\"les-poetes-artistes-de-la-collection-l-eau-et-les-reves\">Les po\u00e8tes &amp; artistes de la collection \u00ab&nbsp;L\u2019eau et les r\u00eaves&nbsp;\u00bb<\/h2>\n\n\n\n<div style=\"height:22px\" aria-hidden=\"true\" class=\"wp-block-spacer\"><\/div>\n\n\n\n<p>\u2022 <a rel=\"noreferrer noopener\" href=\"https:\/\/www.printempsdespoetes.com\/Max-Alhau\" target=\"_blank\">ALHAU Max<\/a><\/p>\n\n\n\n<p>\u2022 <a href=\"https:\/\/joelbastard.blogspot.com\/\" target=\"_blank\" rel=\"noreferrer noopener\">BASTARD, Jo\u00ebl<\/a><\/p>\n\n\n\n<p>\u2022 <a href=\"https:\/\/roger-bensasson.odexpo.com\/\" target=\"_blank\" rel=\"noreferrer noopener\">BENSASSON, Roger<\/a><\/p>\n\n\n\n<p>\u2022 <a rel=\"noreferrer noopener\" href=\"http:\/\/www.eva-maria-berg.de\/\" target=\"_blank\">BERG, Eva-Maria<\/a><\/p>\n\n\n\n<p> \u2022 <a rel=\"noreferrer noopener\" href=\"https:\/\/bergounioux.fr\/\" target=\"_blank\">BERGOUNIOUX<\/a><a href=\"https:\/\/bergounioux.fr\/\" target=\"_blank\" rel=\"noreferrer noopener\">,<\/a><a rel=\"noreferrer noopener\" href=\"https:\/\/bergounioux.fr\/\" target=\"_blank\"> Pierre<\/a><\/p>\n\n\n\n<p>\u2022 <a rel=\"noreferrer noopener\" href=\"https:\/\/mylenebesson.net\/\" target=\"_blank\">BESSON<\/a><a href=\"https:\/\/mylenebesson.net\/\" target=\"_blank\" rel=\"noreferrer noopener\">,<\/a><a rel=\"noreferrer noopener\" href=\"https:\/\/mylenebesson.net\/\" target=\"_blank\"> Myl\u00e8ne<\/a><\/p>\n\n\n\n<p>\u2022 <a href=\"https:\/\/www.instagram.com\/bitchatch_daphne\/\" target=\"_blank\" rel=\"noreferrer noopener\">BITCHATCH, Daphn\u00e9<\/a><\/p>\n\n\n\n<p>\u2022 <a href=\"http:\/\/www.gadinsetboutsdeficelles.net\/\" target=\"_blank\" rel=\"noreferrer noopener\">CASANOVA, Ang\u00e8le<\/a><\/p>\n\n\n\n<p>\u2022 <a href=\"http:\/\/jacquescauda.canalblog.com\/\" target=\"_blank\" rel=\"noreferrer noopener\">CAUDA, Jacques<\/a><\/p>\n\n\n\n<p>\u2022 <a href=\"https:\/\/www.claude-ber.org\/Jean-Louis-Clarac_a387.html\" target=\"_blank\" rel=\"noreferrer noopener\">CLARAC, Jean-Louis<\/a><\/p>\n\n\n\n<p>\u2022 <a href=\"https:\/\/www.adelinecontreras.com\/\" target=\"_blank\" rel=\"noreferrer noopener\">CONTRERAS, Adeline<\/a><\/p>\n\n\n\n<p>\u2022 <a href=\"http:\/\/cedriccordrie.over-blog.com\/\" target=\"_blank\" rel=\"noreferrer noopener\">CORDRIE, C\u00e9dric<\/a><\/p>\n\n\n\n<p>\u2022 <a href=\"http:\/\/www.francoise-cuxac.com\/\" target=\"_blank\" rel=\"noreferrer noopener\">CUXAC, Fran\u00e7oise<\/a><\/p>\n\n\n\n<p>\u2022 <a href=\"https:\/\/www.artmajeur.com\/desmee\" target=\"_blank\" rel=\"noreferrer noopener\">DESMEE, Maria<\/a><\/p>\n\n\n\n<p>\u2022 <a href=\"https:\/\/www.terreaciel.net\/Pierre-Dhainaut#.YlGyrdvP2Ul\" target=\"_blank\" rel=\"noreferrer noopener\">DHAINAUT, Pierre<\/a><\/p>\n\n\n\n<p>\u2022 <a href=\"https:\/\/www.terreaciel.net\/Josyane-De-Jesus-Bergey#.YlGzBtvP2Ul\" target=\"_blank\" rel=\"noreferrer noopener\">DE JESUS BERGEY, Josyane<\/a><\/p>\n\n\n\n<p>\u2022 <a href=\"http:\/\/www.marcdelouze.fr\/\" target=\"_blank\" rel=\"noreferrer noopener\">DELOUZE, Marc<\/a><\/p>\n\n\n\n<p>\u2022 <a href=\"https:\/\/fr.wikipedia.org\/wiki\/Georges_Drano\" target=\"_blank\" rel=\"noreferrer noopener\">DRANO, Georges<\/a><\/p>\n\n\n\n<p>\u2022 <a href=\"https:\/\/www.facebook.com\/anneduboistesselin\" target=\"_blank\" rel=\"noreferrer noopener\">DU BOISTESSELIN, Anne<\/a><\/p>\n\n\n\n<p>\u2022 <a href=\"http:\/\/myriam-eck.com\/\" target=\"_blank\" rel=\"noreferrer noopener\">ECK, Myriam<\/a><\/p>\n\n\n\n<p>\u2022 <a href=\"https:\/\/www.facebook.com\/patrick.erouart\" target=\"_blank\" rel=\"noreferrer noopener\">EROUART, Patrick<\/a><\/p>\n\n\n\n<p>\u2022 <a href=\"http:\/\/feebrile.com\/\" target=\"_blank\" rel=\"noreferrer noopener\">F\u00c9EBRILE<\/a><\/p>\n\n\n\n<p>\u2022 <a href=\"https:\/\/www.caroline-francois-rubino.com\/\" target=\"_blank\" rel=\"noreferrer noopener\">FRANCOIS-RUBINO, Caroline<\/a><\/p>\n\n\n\n<p>\u2022 <a href=\"https:\/\/www.terreaciel.net\/Alain-Freixe#.YlG0VNvP2Ul\" target=\"_blank\" rel=\"noreferrer noopener\">FREIXE, Alain<\/a><\/p>\n\n\n\n<p>\u2022 <a href=\"http:\/\/pleamareditorial.free.fr\/jacquesgaley.html\" target=\"_blank\" rel=\"noreferrer noopener\">GALEY, Jacques<\/a><\/p>\n\n\n\n<p>\u2022 <a href=\"https:\/\/fr.wikipedia.org\/wiki\/Jean-Pierre_Geay\" target=\"_blank\" rel=\"noreferrer noopener\">GEAY, Jean Pierre<\/a><\/p>\n\n\n\n<p>\u2022 <a rel=\"noreferrer noopener\" href=\"http:\/\/www.chantalgiraud.com\/paroles\/ArticleGiraud.pdf\" target=\"_blank\">GIRAUD CAUCHY<\/a><\/p>\n\n\n\n<p>\u2022 <a href=\"https:\/\/dominiquegrandmont.wordpress.com\/\" target=\"_blank\" rel=\"noreferrer noopener\">GRANDMONT, Dominique<\/a><\/p>\n\n\n\n<p>\u2022 <a href=\"http:\/\/www.haegelvalentine.com\/\" target=\"_blank\" rel=\"noreferrer noopener\">HAEGEL, Valentine<\/a><\/p>\n\n\n\n<p>\u2022 <a href=\"https:\/\/www.patrickjannin.com\/\" target=\"_blank\" rel=\"noreferrer noopener\">JANNIN, Patrick<\/a><\/p>\n\n\n\n<p>\u2022 <a href=\"https:\/\/fr.wikipedia.org\/wiki\/Michel_Lamart\" target=\"_blank\" rel=\"noreferrer noopener\">LAMART, Michel<\/a><\/p>\n\n\n\n<p>\u2022 <a href=\"https:\/\/fr.wikipedia.org\/wiki\/Jean-Clarence_Lambert\" target=\"_blank\" rel=\"noreferrer noopener\">LAMBERT, Jean Clarence<\/a><\/p>\n\n\n\n<p>\u2022 <a href=\"http:\/\/dominique.lardeux.free.fr\/\" target=\"_blank\" rel=\"noreferrer noopener\">LARDEUX, Dominique<\/a><\/p>\n\n\n\n<p>\u2022 <a href=\"https:\/\/printempsdespoetes.com\/Gerard-Le-Gouic\" target=\"_blank\" rel=\"noreferrer noopener\">LE GOUIC, G\u00e9rard<\/a><\/p>\n\n\n\n<p>\u2022 <a href=\"http:\/\/atelierdespetitspapiers.com\/\" target=\"_blank\" rel=\"noreferrer noopener\">LE LOUS DELPECH, Fr\u00e9d\u00e9rique<\/a><\/p>\n\n\n\n<p>\u2022 <a href=\"http:\/\/ghislainelejard.com\/\" target=\"_blank\" rel=\"noreferrer noopener\">LEJARD, Ghislaine<\/a><\/p>\n\n\n\n<p>\u2022 <a href=\"http:\/\/www.academie-mallarme.fr\/Daniel_Leuwers.html\" target=\"_blank\" rel=\"noreferrer noopener\">LEUWERS, Daniel<\/a><\/p>\n\n\n\n<p>\u2022 <a href=\"https:\/\/fr.wikipedia.org\/wiki\/Philippe_Madral\" target=\"_blank\" rel=\"noreferrer noopener\">MADRAL, Philippe<\/a><\/p>\n\n\n\n<p>\u2022 <a href=\"https:\/\/www.galeriehebert.com\/claude-marchat\" target=\"_blank\" rel=\"noreferrer noopener\">MARCHAT, Claude<\/a><\/p>\n\n\n\n<p>\u2022 <a href=\"https:\/\/carolecarcillomesrobian.com\/\" target=\"_blank\" rel=\"noreferrer noopener\">MESROBIAN, Carole<\/a><\/p>\n\n\n\n<p>\u2022 <a href=\"http:\/\/daniel.mohen.free.fr\" target=\"_blank\" rel=\"noreferrer noopener\">MOHEN, Daniel<\/a><\/p>\n\n\n\n<p>\u2022 <a href=\"http:\/\/l-oeil-bande.blogspot.fr\/\" target=\"_blank\" rel=\"noreferrer noopener\">MODELY, Muri\u00e8le<\/a><\/p>\n\n\n\n<p>\u2022 <a href=\"https:\/\/expo.rosalis.bibliotheque.toulouse.fr\/l-eau-et-les-reves\/biographie-nicolas-morvan\/\">MORVAN, Nicolas<\/a><\/p>\n\n\n\n<p>\u2022 <a href=\"https:\/\/myriam-oh.com\/\" target=\"_blank\" rel=\"noreferrer noopener\">OH, Myriam<\/a><\/p>\n\n\n\n<p>\u2022 <a href=\"https:\/\/www.marche-poesie.com\/nikols\/\" target=\"_blank\" rel=\"noreferrer noopener\">NIKOLS, Patricia<\/a><\/p>\n\n\n\n<p>\u2022 <a href=\"http:\/\/maxpartezana.com\/\" target=\"_blank\" rel=\"noreferrer noopener\">PARTEZANA, Max<\/a><\/p>\n\n\n\n<p>\u2022 <a href=\"https:\/\/fr.wikipedia.org\/wiki\/Patrick_Quillier\" target=\"_blank\" rel=\"noreferrer noopener\">QUILLIER, Patrick<\/a><\/p>\n\n\n\n<p>\u2022 <a href=\"https:\/\/wikimonde.com\/article\/St%C3%A9phane_Quoniam\" target=\"_blank\" rel=\"noreferrer noopener\">QUONIAM, St\u00e9phane<\/a><\/p>\n\n\n\n<p>\u2022 <a href=\"http:\/\/www.michelremaud.com\" target=\"_blank\" rel=\"noreferrer noopener\">REMAUD, Michel<\/a><\/p>\n\n\n\n<p>\u2022 <a href=\"https:\/\/aaar.fr\/wp-content\/uploads\/2017\/09\/PlaquettePresentation.pdf\" target=\"_blank\" rel=\"noreferrer noopener\">RIBY, Jacques<\/a><\/p>\n\n\n\n<p>\u2022<a href=\"https:\/\/ateliers-ouverts.net\/annuaire\/artistes\/germain-roesz\/\" target=\"_blank\" rel=\"noreferrer noopener\"> ROESZ, Germain<\/a><\/p>\n\n\n\n<p>\u2022 <a href=\"https:\/\/fr.wikipedia.org\/wiki\/%C3%89ric_Sarner\" target=\"_blank\" rel=\"noreferrer noopener\">SARNER, Eric<\/a><\/p>\n\n\n\n<p>\u2022 <a href=\"https:\/\/expo.rosalis.bibliotheque.toulouse.fr\/l-eau-et-les-reves\/biographie-corina-sbaffo\/\">SBAFFO, Corina<\/a><\/p>\n\n\n\n<p>\u2022 <a href=\"https:\/\/skimao.blogspot.com\/\" target=\"_blank\" rel=\"noreferrer noopener\">SKIMAO, Christian<\/a><\/p>\n\n\n\n<p>\u2022 <a href=\"http:\/\/cocotexedre.com\" target=\"_blank\" rel=\"noreferrer noopener\">TEXEDRE, Coco<\/a><\/p>\n\n\n\n<p>\u2022 <a href=\"https:\/\/fr.wikipedia.org\/wiki\/Hamid_Tibouchi\" target=\"_blank\" rel=\"noreferrer noopener\">TIBOUCHI, Hamid<\/a><\/p>\n\n\n\n<p>\u2022 <a href=\"https:\/\/www.facebook.com\/mylenevignon\" target=\"_blank\" rel=\"noreferrer noopener\">VIGNON, Myl\u00e8ne<\/a><\/p>\n\n\n\n<p>\u2022 <a href=\"http:\/\/traquequitraque.blogspot.com\/\" target=\"_blank\" rel=\"noreferrer noopener\">VO\u00cfCA, Sanda<\/a><\/p>\n\n\n\n<p><\/p>\n","protected":false},"excerpt":{"rendered":"<p>Sur le livre pauvre LEUWERS, Daniel, Les tr\u00e8s riches heures du livre pauvre&nbsp;: exposition La Riche, Prieur\u00e9 Saint-Cosme, Gallimard, 2011LEUWERS, Daniel, Livre pauvre, livre riche, Daniel Leuwers, Somogy, 2006 LEUWERS, Daniel, Richesses du livre pauvre, Gallimard, 2008 LEUWERS, Daniel, Livre pauvre, livre riche, Daniel Leuwers, Somogy, 2006 MICHEL, Julien, \u00ab\u00a0Du white cube \u00e0 la page [&hellip;]<\/p>\n","protected":false},"author":4,"featured_media":1250,"parent":1177,"menu_order":4,"comment_status":"closed","ping_status":"closed","template":"","meta":{"footnotes":""},"class_list":["post-915","page","type-page","status-publish","has-post-thumbnail","hentry"],"_links":{"self":[{"href":"https:\/\/expo.rosalis.bibliotheque.toulouse.fr\/l-eau-et-les-reves\/wp-json\/wp\/v2\/pages\/915","targetHints":{"allow":["GET"]}}],"collection":[{"href":"https:\/\/expo.rosalis.bibliotheque.toulouse.fr\/l-eau-et-les-reves\/wp-json\/wp\/v2\/pages"}],"about":[{"href":"https:\/\/expo.rosalis.bibliotheque.toulouse.fr\/l-eau-et-les-reves\/wp-json\/wp\/v2\/types\/page"}],"author":[{"embeddable":true,"href":"https:\/\/expo.rosalis.bibliotheque.toulouse.fr\/l-eau-et-les-reves\/wp-json\/wp\/v2\/users\/4"}],"replies":[{"embeddable":true,"href":"https:\/\/expo.rosalis.bibliotheque.toulouse.fr\/l-eau-et-les-reves\/wp-json\/wp\/v2\/comments?post=915"}],"version-history":[{"count":13,"href":"https:\/\/expo.rosalis.bibliotheque.toulouse.fr\/l-eau-et-les-reves\/wp-json\/wp\/v2\/pages\/915\/revisions"}],"predecessor-version":[{"id":1288,"href":"https:\/\/expo.rosalis.bibliotheque.toulouse.fr\/l-eau-et-les-reves\/wp-json\/wp\/v2\/pages\/915\/revisions\/1288"}],"up":[{"embeddable":true,"href":"https:\/\/expo.rosalis.bibliotheque.toulouse.fr\/l-eau-et-les-reves\/wp-json\/wp\/v2\/pages\/1177"}],"wp:featuredmedia":[{"embeddable":true,"href":"https:\/\/expo.rosalis.bibliotheque.toulouse.fr\/l-eau-et-les-reves\/wp-json\/wp\/v2\/media\/1250"}],"wp:attachment":[{"href":"https:\/\/expo.rosalis.bibliotheque.toulouse.fr\/l-eau-et-les-reves\/wp-json\/wp\/v2\/media?parent=915"}],"curies":[{"name":"wp","href":"https:\/\/api.w.org\/{rel}","templated":true}]}}