{"id":1106,"date":"2022-04-13T17:09:50","date_gmt":"2022-04-13T15:09:50","guid":{"rendered":"https:\/\/expo.rosalis.bibliotheque.toulouse.fr\/l-eau-et-les-reves\/?page_id=1106"},"modified":"2022-08-22T12:47:28","modified_gmt":"2022-08-22T10:47:28","slug":"credits","status":"publish","type":"page","link":"https:\/\/expo.rosalis.bibliotheque.toulouse.fr\/l-eau-et-les-reves\/credits\/","title":{"rendered":"Cr\u00e9dits"},"content":{"rendered":"\n<p><strong><em>L\u2019eau et les r\u00eaves, une collection de livres pauvres<\/em><\/strong> est une exposition num\u00e9rique <a rel=\"noreferrer noopener\" href=\"https:\/\/rosalis.bibliotheque.toulouse.fr\/\" target=\"_blank\">Rosalis<\/a>, biblioth\u00e8que num\u00e9rique de la\u00a0<a rel=\"noreferrer noopener\" href=\"https:\/\/www.bibliotheque.toulouse.fr\/\" target=\"_blank\">Biblioth\u00e8que de Toulouse<\/a>, r\u00e9alis\u00e9e \u00e0 l&rsquo;occasion de l&rsquo;exposition \u00ab\u00a0Livres pauvres : arts et po\u00e9sies m\u00eal\u00e9s\u00a0\u00bb qui s&rsquo;est tenue \u00e0 la Biblioth\u00e8que d\u2019\u00c9tude et du Patrimoine et \u00e0 la M\u00e9diath\u00e8que Grand M du 8 mars au 25 juin 2022.<\/p>\n\n\n\n<ul class=\"wp-block-list\"><li><strong>\u00c9diteur du site\u00a0:<\/strong>\u00a0Mairie de Toulouse.<\/li><li><strong>Adresse\u00a0:\u00a0<\/strong>H\u00f4tel de Ville, place du Capitole, 31 040 Toulouse Cedex 6<\/li><li><strong>Directeur de la publication\u00a0:<\/strong>\u00a0Jean-Luc Moudenc, Maire de Toulouse<\/li><li><strong>H\u00e9bergeur du site :<\/strong>\u00a0Com6 interactive<\/li><li><strong>Adresse :<\/strong>\u00a03 rue Antoine Lavoisier 31140 Launaguet<\/li><li><strong>Equipe Rosalis <\/strong>: Patrick Hernebring, Gabrielle Belijar<\/li><\/ul>\n\n\n\n<div style=\"height:70px\" aria-hidden=\"true\" class=\"wp-block-spacer\"><\/div>\n\n\n\n<h2 class=\"wp-block-heading\" id=\"page-d-accueil\">Page d&rsquo;accueil<\/h2>\n\n\n\n<p>Affiche de l\u2019exposition&nbsp;<em>L\u2019eau et les r\u00eaves, une collection de livres pauvres<\/em> &nbsp;: Service Communication, Mairie de Toulouse,&nbsp;\u00e0 partir du livre pauvre <em>Et si l&rsquo;eau s&rsquo;\u00e9veillait cascade ?<\/em> par Michel Lamart et Maria Desm\u00e9e (Biblioth\u00e8que de Toulouse, Res. C XXI 117)<br><\/p>\n\n\n\n<h4 class=\"wp-block-heading\" id=\"bandeaux-des-chapitres\">Bandeaux des chapitres :<\/h4>\n\n\n\n<p>\u2022 <strong>Chapitre 1<\/strong>&nbsp;: 4 exemplaires du livre pauvre&nbsp;<em>L\u2019eau du repos<\/em> par Sanda Vo\u00efca et Germain Roesz, Photo \u00a9 Sanda Vo\u00efca<br>\u2022 <strong>Chapitre 2<\/strong>&nbsp;: D\u00e9tail du livre pauvre <em>Une avanc\u00e9e secr\u00e8te<\/em>, par Daniel Leuwers et Coco Tex\u00e8dre<br>\u2022 <strong>Chapitre 3<\/strong>&nbsp;: D\u00e9tail du livre pauvre <em>Ecluse<\/em>, par Josyane de Jesus-Bergey et Hamid Tibouchi<br>\u2022 <strong>Quand le public s\u2019empare du livre pauvre<\/strong> : cr\u00e9ation du livre pauvre <em>Les Oiseaux dos<\/em>, par Chlo\u00e9 Lemaur-Armengaud et Justine Guichard<\/p>\n\n\n\n<div style=\"height:40px\" aria-hidden=\"true\" class=\"wp-block-spacer\"><\/div>\n\n\n\n<h2 class=\"wp-block-heading\" id=\"chapitres-images\">Chapitres (images)<\/h2>\n\n\n\n<p>Toutes les photographies des \u0153uvres ont \u00e9t\u00e9 prises avec l\u2019aimable autorisation des auteurs.<\/p>\n\n\n\n<p><strong>Chapitre 1 : Les livres pauvres, livres d\u2019artiste singuliers dans les collections de la Biblioth\u00e8que de Toulouse, par Muri\u00e8le Mod\u00e9ly<\/strong><\/p>\n\n\n\n<ul class=\"wp-block-list\"><li>4 exemplaires du livre pauvre&nbsp;<em>L\u2019eau du repos<\/em> par Sanda Vo\u00efca et Germain Roesz, Photo \u00a9 Sanda Vo\u00efca<\/li><li><em>Nous<\/em>, livre pauvre r\u00e9alis\u00e9 par Daniel Leuwers et Coco Texedre, Photo \u00a9 Arnaud Schultz<\/li><\/ul>\n\n\n\n<p><strong>Chapitre 2 : \u00ab L\u2019eau et les r\u00eaves \u00bb : les mots et la peinture sans tr\u00eave, par Daniel Leuwers<\/strong><\/p>\n\n\n\n<p>Photos \u00a9 Bernard Aiach :<\/p>\n\n\n\n<ul class=\"wp-block-list\"><li><em>Mer, Fleuve, Marais,<\/em> G\u00e9rard Le Gouic, Giraud Cauchy, Photo \u00a9 Bernard Aiach<\/li><li><em><em>Garonne en bleu<\/em>, Myl\u00e8ne Vignon, Ghislaine Lejard,<\/em> Photo \u00a9 Bernard Aiach<\/li><li><em>Remonteras-tu le cours<\/em>, Max Alhau, Maria Desm\u00e9e, Photo \u00a9 Bernard Aiach<\/li><li><em>Una furtiva lagrima<\/em>, Jo\u00ebl Bastard, Maria Desm\u00e9e<\/li><li><em>Goutte \u00e0 goutte<\/em>, Myriam OH, Ang\u00e8le Casanova<\/li><\/ul>\n\n\n\n<p><strong>Chapitre 3 : Livre pauvre et espace num\u00e9rique, par Julien Michel<\/strong><\/p>\n\n\n\n<ul class=\"wp-block-list\"><li>Capture d&rsquo;\u00e9cran de la page facebook de Ghislaine Lejard, avec l&rsquo;autorisation de l&rsquo;artiste<\/li><li>Capture d&rsquo;\u00e9cran de pages instagram d&rsquo;Ang\u00e8le Casanova, avec l&rsquo;autorisation de la po\u00e9tesse<\/li><li>Photo d&rsquo;une vitrine de l&rsquo;exposition <em>Le livre pauvre. Autour de Paul Val\u00e9ry. Donation Daniel Leuwers<\/em>, S\u00e8te (2017), Photo \u00a9 Julien Michel<\/li><li>Photo d&rsquo;une vitrine de l&rsquo;exposition <em>Le Livre Pauvre<\/em>, Romorantin (2007 et 2009), Photo \u00a9 Julien Michel<\/li><li><em>Une rose p\u00e2le<\/em>, livre pauvre de Lou Dubois, avec l&rsquo;aimable autorisation de l&rsquo;artiste<\/li><\/ul>\n\n\n\n<div style=\"height:40px\" aria-hidden=\"true\" class=\"wp-block-spacer\"><\/div>\n\n\n\n<h2 class=\"wp-block-heading\" id=\"les-oeuvres-et-leurs-createurs\">Les \u0153uvres et leurs cr\u00e9ateurs<\/h2>\n\n\n\n<p>Toutes les photographies des artistes et des \u0153uvres ont \u00e9t\u00e9 prises avec l\u2019aimable autorisation des auteurs.<\/p>\n\n\n\n<p><br>\u2022 <em>Sur la plage de Dinard<\/em>&nbsp;: photographie de Daniel Leuwers \u00a9 Arnaud Schultz<br>\u2022 <em>Miroirs dans l\u2019eau<\/em>&nbsp;: photographie de Ghislaine Lejard \u00a9 Yvon Kervinio<br>\u2022 <em>Restituer sur ses bords<\/em>&nbsp;: photographie de Myriam Eck \u00a9 Rachel Woodson<br>\u2022 <em>Garonne en bleu<\/em>&nbsp;: photographie de l\u2019\u0153uvre : \u00a9 Bernard Aiach&nbsp;; photographie de Myl\u00e8ne Vignon \u00a9 Woytek Konarzewski, photographie de Ghislaine Lejard \u00a9 Yvon Kervinio<br>\u2022 <em>Remonteras-tu le cours&nbsp;?<\/em>&nbsp;: photographie de l\u2019\u0153uvre : \u00a9 Bernard Aiach&nbsp;; photographie de Max Alhau \u00a9 Guy Bernot<br>\u2022 <em>Pr\u00e9sence<\/em>&nbsp;: photographie de Max Alhau \u00a9 Guy Bernot<br>\u2022 <em>Une avanc\u00e9e secr\u00e8te<\/em>&nbsp;: photographie de Daniel Leuwers \u00a9 Arnaud Schultz&nbsp;; photographie de Coco Tex\u00e8dre \u00a9 Arnaud Schultz&nbsp;<br>\u2022 <em>Marine&nbsp;<\/em>: photographie de Daniel Leuwers \u00a9 Arnaud Schultz&nbsp;<br>\u2022 <em>L\u2019\u00eele&nbsp;<\/em>: photographie de Muri\u00e8le Mod\u00e9ly \u00a9 Nathalie Gl\u00e9varec<br>\u2022 <em>L\u2019eau du repos<\/em>&nbsp;: photographie de Sanda Vo\u00efca \u00a9 D. Leuwers<br>\u2022 <em>Goutte \u00e0 goutte (mon cerveau c\u2019est de l\u2019eau)<\/em>&nbsp;: photographie de l\u2019\u0153uvre : \u00a9 Bernard Aiach&nbsp;; photographie de Myriam OH \u00a9 Vanessa Stupenda<br>\u2022 <em>Ecluse&nbsp;<\/em>: photographie de Josyane de J\u00e9sus-Bergey \u00a9&nbsp;Houari Bouchenak<br>\u2022 <em>Dans le fleuve tissu vertical<\/em>&nbsp;: photographie de Sanda Vo\u00efca \u00a9 D. Leuwers<br>\u2022 <em>C\u2019est sourire sur la route<\/em>&nbsp;: photographie d\u2019Alain Freixe \u00a9 Marie-Jo Freixe&nbsp;; photographie de Daniel Mohen \u00a9 Michel Russo<br>\u2022 <em>Cascades<\/em>&nbsp;: photographie de Jacques Riby \u00a9&nbsp;Marco Tommasi<\/p>\n\n\n\n<div style=\"height:40px\" aria-hidden=\"true\" class=\"wp-block-spacer\"><\/div>\n\n\n\n<h2 class=\"wp-block-heading\" id=\"quand-le-public-s-empare-du-livre-pauvre\">Quand le public s&#8217;empare du livre pauvre<\/h2>\n\n\n\n<p>Toutes les photographies des artistes et des \u0153uvres ont \u00e9t\u00e9 prises avec l\u2019aimable autorisation des auteurs. Les photographies des interventions dans le cadre du DSAA du lyc\u00e9e Rive gauche ont \u00e9t\u00e9 faites par les enseignants Mathilde Bonazzi et St\u00e9phan Lozet. Les photographies des ateliers men\u00e9s par Karine Marco ont \u00e9t\u00e9 prises par C\u00e9cile Clarac<\/p>\n\n\n\n<p>\u2022 <em>Les profondeurs de soi<\/em> : photographie de l&rsquo;oeuvre&nbsp;\u00a9 Bernard A\u00efach<\/p>\n\n\n\n<p><\/p>\n\n\n\n<div style=\"height:40px\" aria-hidden=\"true\" class=\"wp-block-spacer\"><\/div>\n\n\n\n<h2 class=\"wp-block-heading\" id=\"ressources-medias\">Ressources &amp; M\u00e9dias<\/h2>\n\n\n\n<p>\u2022 <strong>Galerie photos et vid\u00e9o<\/strong><\/p>\n\n\n\n<p>Toutes les photographies des \u0153uvres ont \u00e9t\u00e9 prises avec l\u2019aimable autorisation des auteurs.<\/p>\n\n\n\n<p><\/p>\n\n\n\n<p><br>\u2022 <strong>Conf\u00e9rence<\/strong><\/p>\n\n\n\n<p>Toutes les photographies des artistes et des \u00e9tudiants du DSAA du lyc\u00e9e Rive Gauche ont \u00e9t\u00e9 prises avec leur aimable autorisation.<\/p>\n\n\n\n<p><\/p>\n\n\n\n<p><\/p>\n","protected":false},"excerpt":{"rendered":"<p>L\u2019eau et les r\u00eaves, une collection de livres pauvres est une exposition num\u00e9rique Rosalis, biblioth\u00e8que num\u00e9rique de la\u00a0Biblioth\u00e8que de Toulouse, r\u00e9alis\u00e9e \u00e0 l&rsquo;occasion de l&rsquo;exposition \u00ab\u00a0Livres pauvres : arts et po\u00e9sies m\u00eal\u00e9s\u00a0\u00bb qui s&rsquo;est tenue \u00e0 la Biblioth\u00e8que d\u2019\u00c9tude et du Patrimoine et \u00e0 la M\u00e9diath\u00e8que Grand M du 8 mars au 25 juin 2022. [&hellip;]<\/p>\n","protected":false},"author":4,"featured_media":0,"parent":0,"menu_order":8,"comment_status":"closed","ping_status":"closed","template":"","meta":{"footnotes":""},"class_list":["post-1106","page","type-page","status-publish","hentry"],"_links":{"self":[{"href":"https:\/\/expo.rosalis.bibliotheque.toulouse.fr\/l-eau-et-les-reves\/wp-json\/wp\/v2\/pages\/1106","targetHints":{"allow":["GET"]}}],"collection":[{"href":"https:\/\/expo.rosalis.bibliotheque.toulouse.fr\/l-eau-et-les-reves\/wp-json\/wp\/v2\/pages"}],"about":[{"href":"https:\/\/expo.rosalis.bibliotheque.toulouse.fr\/l-eau-et-les-reves\/wp-json\/wp\/v2\/types\/page"}],"author":[{"embeddable":true,"href":"https:\/\/expo.rosalis.bibliotheque.toulouse.fr\/l-eau-et-les-reves\/wp-json\/wp\/v2\/users\/4"}],"replies":[{"embeddable":true,"href":"https:\/\/expo.rosalis.bibliotheque.toulouse.fr\/l-eau-et-les-reves\/wp-json\/wp\/v2\/comments?post=1106"}],"version-history":[{"count":13,"href":"https:\/\/expo.rosalis.bibliotheque.toulouse.fr\/l-eau-et-les-reves\/wp-json\/wp\/v2\/pages\/1106\/revisions"}],"predecessor-version":[{"id":1328,"href":"https:\/\/expo.rosalis.bibliotheque.toulouse.fr\/l-eau-et-les-reves\/wp-json\/wp\/v2\/pages\/1106\/revisions\/1328"}],"wp:attachment":[{"href":"https:\/\/expo.rosalis.bibliotheque.toulouse.fr\/l-eau-et-les-reves\/wp-json\/wp\/v2\/media?parent=1106"}],"curies":[{"name":"wp","href":"https:\/\/api.w.org\/{rel}","templated":true}]}}