{"id":120,"date":"2020-08-25T15:46:36","date_gmt":"2020-08-25T13:46:36","guid":{"rendered":"https:\/\/expo.rosalis.bibliotheque.toulouse.fr\/deodat-de-severac\/?post_type=oeuvre&#038;p=120"},"modified":"2021-06-21T15:16:55","modified_gmt":"2021-06-21T13:16:55","slug":"choral-de-la-suite-pour-orgue","status":"publish","type":"oeuvre","link":"https:\/\/expo.rosalis.bibliotheque.toulouse.fr\/deodat-de-severac\/oeuvre\/choral-de-la-suite-pour-orgue\/","title":{"rendered":"Choral de la Suite pour orgue"},"content":{"rendered":"\n<figure class=\"wp-block-audio aligncenter\"><audio controls src=\"https:\/\/expo.rosalis.bibliotheque.toulouse.fr\/deodat-de-severac\/wp-content\/uploads\/sites\/3\/2021\/01\/02-Severac-Suite-in-E-minor-for-Organ-Choral-Remastered.mp3\"><\/audio><figcaption>L&rsquo;\u0153uvre pour orgue &#8211; Pierre Guillot &#8211; Erato 2009<\/figcaption><\/figure>\n\n\n\n<div class=\"wp-block-expo-extract\"><p class=\"extract_title colored\">SUR L\u2019\u0152UVRE<\/p><p class=\"extract_content\">Parce qu\u2019il est l\u2019instrument de l\u2019improvisation et l\u2019expression de la spiritualit\u00e9, l\u2019orgue est un des instruments de pr\u00e9dilection de S\u00e9verac. Il est aussi celui de l\u2019apprentissage de la musique aupr\u00e8s de son premier ma\u00eetre Louis Amiel de Saint-F\u00e9lix-Lauragais.<br>Avec le <em>Choral de la Suite pour orgue<\/em>, empreint de l\u2019immense chagrin caus\u00e9s par les deuils de son p\u00e8re et de sa s\u0153ur Marthe, il signe une des pages les plus profondes et tragiques de son \u0153uvre.<\/p><\/div>\n\n\n\n<div class=\"wp-block-expo-accordion\"><h2 class=\"accordeon_title\" aria-expanded=\"false\" aria-controls=\"collapse_2783\" data-toggle=\"collapse\" data-target=\"#collapse_2783\">D\u00e9tails<\/h2><div id=\"collapse_2783\" class=\"collapse\" aria-labelledby=\"heading_2783\">\n<p><strong>Compositeur : <\/strong>D\u00e9odat de S\u00e9verac<br><strong>Dates de cr\u00e9ation : <\/strong>Hiver 1897-1898 (p\u00e9riode de la Schola Cantorum)<strong><br>Genre : <\/strong>Orgue<strong><br>Tonalit\u00e9 : <\/strong>Mi mineur<\/p>\n<\/div><\/div>\n\n\n\n<div class=\"wp-block-expo-accordion\"><h2 class=\"accordeon_title\" aria-expanded=\"false\" aria-controls=\"collapse_7539\" data-toggle=\"collapse\" data-target=\"#collapse_7539\">Aller plus loin<\/h2><div id=\"collapse_7539\" class=\"collapse\" aria-labelledby=\"heading_7539\">\n<div class=\"wp-block-buttons is-layout-flex wp-block-buttons-is-layout-flex\">\n<div class=\"wp-block-button\"><a class=\"wp-block-button__link\" href=\"http:\/\/www.musimem.com\/severac.htm\" target=\"_blank\" rel=\"noreferrer noopener\">D\u00c9ODAT DE S\u00c9VERAC ET L&rsquo;ORGUE &#8211; MUSIMEM<\/a><\/div>\n<\/div>\n<\/div><\/div>\n\n\n\n<div class=\"wp-block-expo-accordion\"><h2 class=\"accordeon_title\" aria-expanded=\"false\" aria-controls=\"collapse_393\" data-toggle=\"collapse\" data-target=\"#collapse_393\">Ressources associ\u00e9es<\/h2><div id=\"collapse_393\" class=\"collapse\" aria-labelledby=\"heading_393\">\n<div class=\"wp-block-buttons is-layout-flex wp-block-buttons-is-layout-flex\">\n<div class=\"wp-block-button\"><a class=\"wp-block-button__link\" href=\"https:\/\/rosalis.bibliotheque.toulouse.fr\/services\/engine\/search\/sru?operation=searchRetrieve&amp;exactSearch=null&amp;collapsing=true&amp;version=1.2&amp;query=(notice%20all%20%22bpt6k10291515%22%20or%20notice%20all%20%22bpt6k1029150r%22%20)%20&amp;suggest=10&amp;keywords=bpt6k10291515%20bpt6k1029150r\">LES PARTITIONS NUM\u00c9RIS\u00c9ES DANS ROSALIS<\/a><\/div>\n<\/div>\n<\/div><\/div>\n\n\n\n<hr class=\"wp-block-separator\"\/>\n\n\n\n<p class=\"has-text-align-right\">Illustration : Septimanie : de D\u00e9odat de S\u00e9verac \u00e0 Marc Delmas (1<sup>\u00e8re<\/sup> de couverture), n\u00b046 &#8211; Collection Magali et Emmanuel Delecourt<\/p>\n","protected":false},"excerpt":{"rendered":"<p>Grande suite en mi mineur<\/p>\n","protected":false},"author":1,"featured_media":1763,"template":"","class_list":["post-120","oeuvre","type-oeuvre","status-publish","has-post-thumbnail","hentry"],"featuredTag":"<img width=\"770\" height=\"770\" src=\"https:\/\/expo.rosalis.bibliotheque.toulouse.fr\/deodat-de-severac\/wp-content\/uploads\/sites\/3\/2020\/08\/AS21134_1431_0027-1.jpg\" class=\"attachment-post-thumbnail size-post-thumbnail wp-post-image\" alt=\"\" decoding=\"async\" loading=\"lazy\" srcset=\"https:\/\/expo.rosalis.bibliotheque.toulouse.fr\/deodat-de-severac\/wp-content\/uploads\/sites\/3\/2020\/08\/AS21134_1431_0027-1.jpg 770w, https:\/\/expo.rosalis.bibliotheque.toulouse.fr\/deodat-de-severac\/wp-content\/uploads\/sites\/3\/2020\/08\/AS21134_1431_0027-1-300x300.jpg 300w, https:\/\/expo.rosalis.bibliotheque.toulouse.fr\/deodat-de-severac\/wp-content\/uploads\/sites\/3\/2020\/08\/AS21134_1431_0027-1-768x768.jpg 768w\" sizes=\"auto, (max-width: 770px) 100vw, 770px\" \/>","_links":{"self":[{"href":"https:\/\/expo.rosalis.bibliotheque.toulouse.fr\/deodat-de-severac\/wp-json\/wp\/v2\/oeuvre\/120","targetHints":{"allow":["GET"]}}],"collection":[{"href":"https:\/\/expo.rosalis.bibliotheque.toulouse.fr\/deodat-de-severac\/wp-json\/wp\/v2\/oeuvre"}],"about":[{"href":"https:\/\/expo.rosalis.bibliotheque.toulouse.fr\/deodat-de-severac\/wp-json\/wp\/v2\/types\/oeuvre"}],"author":[{"embeddable":true,"href":"https:\/\/expo.rosalis.bibliotheque.toulouse.fr\/deodat-de-severac\/wp-json\/wp\/v2\/users\/1"}],"wp:featuredmedia":[{"embeddable":true,"href":"https:\/\/expo.rosalis.bibliotheque.toulouse.fr\/deodat-de-severac\/wp-json\/wp\/v2\/media\/1763"}],"wp:attachment":[{"href":"https:\/\/expo.rosalis.bibliotheque.toulouse.fr\/deodat-de-severac\/wp-json\/wp\/v2\/media?parent=120"}],"curies":[{"name":"wp","href":"https:\/\/api.w.org\/{rel}","templated":true}]}}

<figure class="wp-block-audio aligncenter"><audio controls src="https://expo.rosalis.bibliotheque.toulouse.fr/deodat-de-severac/wp-content/uploads/sites/3/2021/01/02-Severac-Suite-in-E-minor-for-Organ-Choral-Remastered.mp3"></audio><figcaption>L&rsquo;œuvre pour orgue &#8211; Pierre Guillot &#8211; Erato 2009</figcaption></figure>



<div class="wp-block-expo-extract"><p class="extract_title colored">SUR L’ŒUVRE</p><p class="extract_content">Parce qu’il est l’instrument de l’improvisation et l’expression de la spiritualité, l’orgue est un des instruments de prédilection de Séverac. Il est aussi celui de l’apprentissage de la musique auprès de son premier maître Louis Amiel de Saint-Félix-Lauragais.<br>Avec le <em>Choral de la Suite pour orgue</em>, empreint de l’immense chagrin causés par les deuils de son père et de sa sœur Marthe, il signe une des pages les plus profondes et tragiques de son œuvre.</p></div>



<div class="wp-block-expo-accordion"><h2 class="accordeon_title" aria-expanded="false" aria-controls="collapse_2783" data-toggle="collapse" data-target="#collapse_2783">Détails</h2><div id="collapse_2783" class="collapse" aria-labelledby="heading_2783">
<p><strong>Compositeur : </strong>Déodat de Séverac<br><strong>Dates de création : </strong>Hiver 1897-1898 (période de la Schola Cantorum)<strong><br>Genre : </strong>Orgue<strong><br>Tonalité : </strong>Mi mineur</p>
</div></div>



<div class="wp-block-expo-accordion"><h2 class="accordeon_title" aria-expanded="false" aria-controls="collapse_7539" data-toggle="collapse" data-target="#collapse_7539">Aller plus loin</h2><div id="collapse_7539" class="collapse" aria-labelledby="heading_7539">
<div class="wp-block-buttons is-layout-flex wp-block-buttons-is-layout-flex">
<div class="wp-block-button"><a class="wp-block-button__link" href="http://www.musimem.com/severac.htm" target="_blank" rel="noreferrer noopener">DÉODAT DE SÉVERAC ET L&rsquo;ORGUE &#8211; MUSIMEM</a></div>
</div>
</div></div>



<div class="wp-block-expo-accordion"><h2 class="accordeon_title" aria-expanded="false" aria-controls="collapse_393" data-toggle="collapse" data-target="#collapse_393">Ressources associées</h2><div id="collapse_393" class="collapse" aria-labelledby="heading_393">
<div class="wp-block-buttons is-layout-flex wp-block-buttons-is-layout-flex">
<div class="wp-block-button"><a class="wp-block-button__link" href="https://rosalis.bibliotheque.toulouse.fr/services/engine/search/sru?operation=searchRetrieve&amp;exactSearch=null&amp;collapsing=true&amp;version=1.2&amp;query=(notice%20all%20%22bpt6k10291515%22%20or%20notice%20all%20%22bpt6k1029150r%22%20)%20&amp;suggest=10&amp;keywords=bpt6k10291515%20bpt6k1029150r">LES PARTITIONS NUMÉRISÉES DANS ROSALIS</a></div>
</div>
</div></div>



<hr class="wp-block-separator"/>



<p class="has-text-align-right">Illustration : Septimanie : de Déodat de Séverac à Marc Delmas (1<sup>ère</sup> de couverture), n°46 &#8211; Collection Magali et Emmanuel Delecourt</p>
