{"id":3140,"date":"2021-05-11T17:57:14","date_gmt":"2021-05-11T15:57:14","guid":{"rendered":"https:\/\/expo.rosalis.bibliotheque.toulouse.fr\/clic-clac\/?page_id=3140"},"modified":"2021-05-29T15:43:04","modified_gmt":"2021-05-29T13:43:04","slug":"credits","status":"publish","type":"page","link":"https:\/\/expo.rosalis.bibliotheque.toulouse.fr\/clic-clac\/credits\/","title":{"rendered":"Cr\u00e9dits"},"content":{"rendered":"\n<p>Clic Clac est une exposition <a rel=\"noreferrer noopener\" href=\"https:\/\/rosalis.bibliotheque.toulouse.fr\/\" target=\"_blank\">Rosalis<\/a>, biblioth\u00e8que num\u00e9rique de la <a rel=\"noreferrer noopener\" href=\"https:\/\/www.bibliotheque.toulouse.fr\/\" target=\"_blank\">Biblioth\u00e8que de Toulouse<\/a>.<\/p>\n\n\n\n<ul class=\"wp-block-list\"><li>\u00c9diteur du site&nbsp;: Mairie de Toulouse.<\/li><li>Adresse&nbsp;: H\u00f4tel de Ville, place du Capitole, 31 040 Toulouse Cedex 6<\/li><li>Directeur de la publication&nbsp;: Jean-Luc Moudenc, Maire de Toulouse<\/li><li>H\u00e9bergeur du site : Com6 interactive<\/li><li>Adresse : 3 rue Antoine Lavoisier 31140 Launaguet<\/li><\/ul>\n\n\n\n<div style=\"height:20px\" aria-hidden=\"true\" class=\"wp-block-spacer\"><\/div>\n\n\n\n<h4 class=\"wp-block-heading\">Page d&rsquo;accueil<\/h4>\n\n\n\n<ul class=\"wp-block-list\"><li>Affiche de l&rsquo;exposition <em>Clic Clac, la photographie dans la litt\u00e9rature jeunesse<\/em> : Service Communication, Mairie de Toulouse, \u00e0 partir d&rsquo;un montage de photographies extraites de <em>Qui suis-je ?<\/em>, Claire D\u00e9, Les Grandes Personnes, 2018 et <em>Dasenka<\/em>, Karel \u010capek, Fr. Borov\u00fd, 1936<\/li><li><em>Fotograferede bornegrupper<\/em>, Hans Christian Andersen, Harald Paetz, 1866 <\/li><li><em>Imagine : c\u2019est tout blanc\u2026, <\/em>Claire D\u00e9, Les Grandes Personnes, 2015<\/li><li><em>Arrangement of specimens<\/em>, Hyppolite Bayard, vers 1842<\/li><li><em>Traces de lumi\u00e8re<\/em>, photogrammes et textes Olivia Fryszowski, Mango jeunesse, 2003<\/li><li><em>Qui suis-je ?<\/em>, Claire D\u00e9, Les Grandes Personnes, 2018<\/li><\/ul>\n\n\n\n<div style=\"height:20px\" aria-hidden=\"true\" class=\"wp-block-spacer\"><\/div>\n\n\n\n<h4 class=\"wp-block-heading\">Paroles de photographes<\/h4>\n\n\n\n<ul class=\"wp-block-list\"><li>Portrait de Tana Hoban \u00a9 Susan Hirschmann<\/li><li><em><em>Qu&rsquo;est-ce que c&rsquo;est ?<\/em><\/em>, Tana Hoban, Kal\u00e9idoscope, 1996. <em>What is it?<\/em>, by Tana Hoban. Copyright \u00a9 1993 by Tana Hoban. Used by permission of HarperCollins Publishers.<\/li><li><em>Exactement le contraire<\/em>, Tana Hoban, Kal\u00e9idoscope, 2002. <em>Exactly the Opposite<\/em>, by Tana Hoban. Copyright \u00a9 1990 by Tana Hoban. Used by permission of HarperCollins Publishers.<\/li><li>Suzi Pilet, <em>Autoportrait<\/em>, sans date \u00a9 Fonds Suzi Pilet, ADSP \/ Mus\u00e9e de l\u2019Elys\u00e9e, Lausanne<\/li><li><em>La B\u00e2che, Amadou acrobate,<\/em> Suzi Pilet, Alexis Peiry, \u00a9 La Joie de lire, 2013<\/li><li><em>Le radeau,<\/em> Suzi Pilet, Alexis Peiry, \u00a9 La Joie de lire, 2013<\/li><li>Photo de Claire D\u00e9, avec l&rsquo;aimable autorisation de l&rsquo;artiste<\/li><li><em>Compte sur les doigts,<\/em> Claire D\u00e9, Les Grandes Personnes, 2016<\/li><li><em>\u00c0 toi de jouer, <\/em>Claire D\u00e9, Les Grandes Personnes, 2010<\/li><li><em>Qui suis-je ?<\/em>, Claire D\u00e9, Les Grandes personnes, 2018<\/li><li><em>\u00c0 quoi on joue Saperlipopette<\/em> \u00a9 Claire D\u00e9<\/li><li><em>Ouvre les yeux,<\/em> Claire D\u00e9, Les Grandes personnes, 2011<\/li><li>Photo de Fran\u00e7ois Delebecque \u00a9 Ga\u00ebl Turpo<\/li><li><em>La plage d&rsquo;o\u00f9 les bateaux s&rsquo;envolent<\/em>, Francois Delebecque \u00a9 \u00c9ditions du Seuil jeunesse, 2001<\/li><li><em>Les songes de l&rsquo;ours, <\/em>Francois Delebecque \u00a9 \u00e9ditions Thierry Magnier, 2005<\/li><li><em>Imagier des jouets,<\/em> Francois Delebecque, Les Grandes Personnes, 2015<\/li><li>Photo de Juliette Armagnac, avec l&rsquo;aimable autorisation de l&rsquo;artiste<\/li><li><em>Pr\u00e9nom Camille<\/em>, Juliette Armagnac, Tieri Briet, \u00e9ditions O\u00f9 sont les enfants ?, 2007<\/li><li><em>Enfin seule<\/em>, Juliette Armagnac, Manu Causse, \u00e9ditions O\u00f9 sont les enfants ?, 2009<\/li><li><em>Comme en hiver<\/em>, St\u00e9phane Servant, Juliette Armagnac, \u00c9ditions du Seuil jeunesse, 2009<\/li><li>Photo de Yveline Loiseur, avec l&rsquo;aimable autorisation de l&rsquo;artiste<\/li><li><em>La petite fille aux allumettes<\/em>, Yveline Loiseur, Trans Photographic Press, 2013<\/li><li><em>Le portrait d&rsquo;Eug\u00e8ne<\/em>, Yveline Loiseur, Trans Photographic Press, 2017<\/li><li><em>Florence et Henri<\/em>, Yveline Loiseur, \u00e9ditions 205, 2019<\/li><li>Photo de Dani\u00e8le Boucon, avec l&rsquo;aimable autorisation de l&rsquo;artiste<\/li><li><em>Le petit bateau qui voulait voir la mer<\/em>, Dani\u00e8le Boucon, az&rsquo;art atelier \u00e9ditions, 2018<\/li><li><em>En chemin<\/em>, Dani\u00e8le Boucon, az&rsquo;art atelier \u00e9ditions (\u00e0 para\u00eetre 2021)<\/li><\/ul>\n\n\n\n<div style=\"height:20px\" aria-hidden=\"true\" class=\"wp-block-spacer\"><\/div>\n\n\n\n<h4 class=\"wp-block-heading\">Des livres illustr\u00e9s de photographies en ligne<\/h4>\n\n\n\n<ul class=\"wp-block-list\"><li><em>Le radeau<\/em>, Suzi Pilet et Alexis Peiry, \u00e9ditions du Cerf volant, 1952<\/li><li><em>Tak-Tak le teckel<\/em>, Paulette Falconnet, illustr\u00e9e par Colyann, La Guilde du livre, 1962<\/li><li><em>Dasenka<\/em>, Karel \u010capek, Fr. Borov\u00fd, 1936<\/li><li><em>Sac \u00e0 tout<\/em>, S\u00e9verine, F\u00e9lix Juven, 1903<\/li><li>L<em>e testament d&rsquo;un excentrique<\/em> : 61 illustrations par George Roux, 35 vues des \u00c9tats-Unis d&rsquo;Am\u00e9rique, \u2026 Jules Verne, Hetzel, 1899<\/li><li><em>Dans les roseaux : sc\u00e8nes enfantines en 40 tableaux<\/em>, Denise Toutant, Fr\u00e9d. Boissonnas, 1896<\/li><li><em>Ab\u00e9c\u00e9daire <\/em>[du Mar\u00e9chal P\u00e9tain] : [photographie], Bureau de Documentation du Chef de l\u2019\u00c9tat, 1943<\/li><\/ul>\n\n\n\n<div style=\"height:20px\" aria-hidden=\"true\" class=\"wp-block-spacer\"><\/div>\n\n\n\n<h4 class=\"wp-block-heading\">Espace p\u00e9dagogique<\/h4>\n\n\n\n<ul class=\"wp-block-list\"><li><em>Qui suis-je ?<\/em>, Claire D\u00e9, Les Grandes personnes, 2018<\/li><li><em> L\u2019ab\u00e9c\u00e9dire<\/em>, Lily Franey,  Alain Serres, Olivier Tallec, Rue du monde, 2001<\/li><li><em><em>Le magicien d\u2019os<\/em><\/em>, Isabelle Gil, L\u2019\u00c9cole des loisirs, 2015<\/li><li><em>Les hommes n\u2019en font qu\u2019\u00e0 leur t\u00eate<\/em>, Fran\u00e7ois David, Olivier Thiebaut, Sarbacane, 2011<\/li><li><em>Bric-\u00e0-bra<\/em>c, Maria Jalibert, Olivier Maufrey, Didier Jeunesse, 2013<\/li><li><em>\u00c0 table<\/em> !,\u00a0Katy Couprie, Antonin Louchard \u00a9 Editions Thierry Magnier, 2008, 2019<\/li><li><em>Portraits de famille<\/em>, Jean-Claude Loubi\u00e8res, livre d&rsquo;artiste, 2006<\/li><li><em>Regarde <\/em>!, Emmanuel Sougez, H. Jonqui\u00e8res, 1931<\/li><li><em>Deux petits ours<\/em>, Ylla, MeMo, 2018<\/li><li><em>La B\u00e2che, Amadou acrobate,<\/em> Suzi Pilet, Alexis Peiry, \u00a9 La Joie de lire, 2013<\/li><li><em>Loup\u00e9 <\/em>de Christian Voltz \u00a9 Rouergue, 2017<\/li><li><em>Les songes de l&rsquo;ours, <\/em>Francois Delebecque \u00a9 \u00e9ditions Thierry Magnier, 2005<\/li><li><em>Le jour o\u00f9 je serai grande<\/em>, Timoth\u00e9e de Fombelle, photographies de Marie Liesse, Gallimard Jeunesse, 2020<\/li><\/ul>\n\n\n\n<div style=\"height:21px\" aria-hidden=\"true\" class=\"wp-block-spacer\"><\/div>\n\n\n\n<p>Tous les autres cr\u00e9dits de l&rsquo;exposition virtuelle sont mentionn\u00e9s en l\u00e9gende des images dans les diff\u00e9rents chapitres du site.<\/p>\n\n\n\n<p><br><\/p>\n","protected":false},"excerpt":{"rendered":"<p>Clic Clac est une exposition Rosalis, biblioth\u00e8que num\u00e9rique de la Biblioth\u00e8que de Toulouse. \u00c9diteur du site&nbsp;: Mairie de Toulouse. Adresse&nbsp;: H\u00f4tel de Ville, place du Capitole, 31 040 Toulouse Cedex 6 Directeur de la publication&nbsp;: Jean-Luc Moudenc, Maire de Toulouse H\u00e9bergeur du site : Com6 interactive Adresse : 3 rue Antoine Lavoisier 31140 Launaguet Page [&hellip;]<\/p>\n","protected":false},"author":4,"featured_media":0,"parent":0,"menu_order":21,"comment_status":"closed","ping_status":"closed","template":"","meta":{"footnotes":""},"class_list":["post-3140","page","type-page","status-publish","hentry"],"_links":{"self":[{"href":"https:\/\/expo.rosalis.bibliotheque.toulouse.fr\/clic-clac\/wp-json\/wp\/v2\/pages\/3140","targetHints":{"allow":["GET"]}}],"collection":[{"href":"https:\/\/expo.rosalis.bibliotheque.toulouse.fr\/clic-clac\/wp-json\/wp\/v2\/pages"}],"about":[{"href":"https:\/\/expo.rosalis.bibliotheque.toulouse.fr\/clic-clac\/wp-json\/wp\/v2\/types\/page"}],"author":[{"embeddable":true,"href":"https:\/\/expo.rosalis.bibliotheque.toulouse.fr\/clic-clac\/wp-json\/wp\/v2\/users\/4"}],"replies":[{"embeddable":true,"href":"https:\/\/expo.rosalis.bibliotheque.toulouse.fr\/clic-clac\/wp-json\/wp\/v2\/comments?post=3140"}],"version-history":[{"count":44,"href":"https:\/\/expo.rosalis.bibliotheque.toulouse.fr\/clic-clac\/wp-json\/wp\/v2\/pages\/3140\/revisions"}],"predecessor-version":[{"id":3907,"href":"https:\/\/expo.rosalis.bibliotheque.toulouse.fr\/clic-clac\/wp-json\/wp\/v2\/pages\/3140\/revisions\/3907"}],"wp:attachment":[{"href":"https:\/\/expo.rosalis.bibliotheque.toulouse.fr\/clic-clac\/wp-json\/wp\/v2\/media?parent=3140"}],"curies":[{"name":"wp","href":"https:\/\/api.w.org\/{rel}","templated":true}]}}

Crédits

<p>Clic Clac est une exposition <a rel="noreferrer noopener" href="https://rosalis.bibliotheque.toulouse.fr/" target="_blank">Rosalis</a>, bibliothèque numérique de la <a rel="noreferrer noopener" href="https://www.bibliotheque.toulouse.fr/" target="_blank">Bibliothèque de Toulouse</a>.</p>



<ul class="wp-block-list"><li>Éditeur du site&nbsp;: Mairie de Toulouse.</li><li>Adresse&nbsp;: Hôtel de Ville, place du Capitole, 31 040 Toulouse Cedex 6</li><li>Directeur de la publication&nbsp;: Jean-Luc Moudenc, Maire de Toulouse</li><li>Hébergeur du site : Com6 interactive</li><li>Adresse : 3 rue Antoine Lavoisier 31140 Launaguet</li></ul>



<div style="height:20px" aria-hidden="true" class="wp-block-spacer"></div>



<h4 class="wp-block-heading">Page d&rsquo;accueil</h4>



<ul class="wp-block-list"><li>Affiche de l&rsquo;exposition <em>Clic Clac, la photographie dans la littérature jeunesse</em> : Service Communication, Mairie de Toulouse, à partir d&rsquo;un montage de photographies extraites de <em>Qui suis-je ?</em>, Claire Dé, Les Grandes Personnes, 2018 et <em>Dasenka</em>, Karel Čapek, Fr. Borový, 1936</li><li><em>Fotograferede bornegrupper</em>, Hans Christian Andersen, Harald Paetz, 1866 </li><li><em>Imagine : c’est tout blanc…, </em>Claire Dé, Les Grandes Personnes, 2015</li><li><em>Arrangement of specimens</em>, Hyppolite Bayard, vers 1842</li><li><em>Traces de lumière</em>, photogrammes et textes Olivia Fryszowski, Mango jeunesse, 2003</li><li><em>Qui suis-je ?</em>, Claire Dé, Les Grandes Personnes, 2018</li></ul>



<div style="height:20px" aria-hidden="true" class="wp-block-spacer"></div>



<h4 class="wp-block-heading">Paroles de photographes</h4>



<ul class="wp-block-list"><li>Portrait de Tana Hoban © Susan Hirschmann</li><li><em><em>Qu&rsquo;est-ce que c&rsquo;est ?</em></em>, Tana Hoban, Kaléidoscope, 1996. <em>What is it?</em>, by Tana Hoban. Copyright © 1993 by Tana Hoban. Used by permission of HarperCollins Publishers.</li><li><em>Exactement le contraire</em>, Tana Hoban, Kaléidoscope, 2002. <em>Exactly the Opposite</em>, by Tana Hoban. Copyright © 1990 by Tana Hoban. Used by permission of HarperCollins Publishers.</li><li>Suzi Pilet, <em>Autoportrait</em>, sans date © Fonds Suzi Pilet, ADSP / Musée de l’Elysée, Lausanne</li><li><em>La Bâche, Amadou acrobate,</em> Suzi Pilet, Alexis Peiry, © La Joie de lire, 2013</li><li><em>Le radeau,</em> Suzi Pilet, Alexis Peiry, © La Joie de lire, 2013</li><li>Photo de Claire Dé, avec l&rsquo;aimable autorisation de l&rsquo;artiste</li><li><em>Compte sur les doigts,</em> Claire Dé, Les Grandes Personnes, 2016</li><li><em>À toi de jouer, </em>Claire Dé, Les Grandes Personnes, 2010</li><li><em>Qui suis-je ?</em>, Claire Dé, Les Grandes personnes, 2018</li><li><em>À quoi on joue Saperlipopette</em> © Claire Dé</li><li><em>Ouvre les yeux,</em> Claire Dé, Les Grandes personnes, 2011</li><li>Photo de François Delebecque © Gaël Turpo</li><li><em>La plage d&rsquo;où les bateaux s&rsquo;envolent</em>, Francois Delebecque © Éditions du Seuil jeunesse, 2001</li><li><em>Les songes de l&rsquo;ours, </em>Francois Delebecque © éditions Thierry Magnier, 2005</li><li><em>Imagier des jouets,</em> Francois Delebecque, Les Grandes Personnes, 2015</li><li>Photo de Juliette Armagnac, avec l&rsquo;aimable autorisation de l&rsquo;artiste</li><li><em>Prénom Camille</em>, Juliette Armagnac, Tieri Briet, éditions Où sont les enfants ?, 2007</li><li><em>Enfin seule</em>, Juliette Armagnac, Manu Causse, éditions Où sont les enfants ?, 2009</li><li><em>Comme en hiver</em>, Stéphane Servant, Juliette Armagnac, Éditions du Seuil jeunesse, 2009</li><li>Photo de Yveline Loiseur, avec l&rsquo;aimable autorisation de l&rsquo;artiste</li><li><em>La petite fille aux allumettes</em>, Yveline Loiseur, Trans Photographic Press, 2013</li><li><em>Le portrait d&rsquo;Eugène</em>, Yveline Loiseur, Trans Photographic Press, 2017</li><li><em>Florence et Henri</em>, Yveline Loiseur, éditions 205, 2019</li><li>Photo de Danièle Boucon, avec l&rsquo;aimable autorisation de l&rsquo;artiste</li><li><em>Le petit bateau qui voulait voir la mer</em>, Danièle Boucon, az&rsquo;art atelier éditions, 2018</li><li><em>En chemin</em>, Danièle Boucon, az&rsquo;art atelier éditions (à paraître 2021)</li></ul>



<div style="height:20px" aria-hidden="true" class="wp-block-spacer"></div>



<h4 class="wp-block-heading">Des livres illustrés de photographies en ligne</h4>



<ul class="wp-block-list"><li><em>Le radeau</em>, Suzi Pilet et Alexis Peiry, éditions du Cerf volant, 1952</li><li><em>Tak-Tak le teckel</em>, Paulette Falconnet, illustrée par Colyann, La Guilde du livre, 1962</li><li><em>Dasenka</em>, Karel Čapek, Fr. Borový, 1936</li><li><em>Sac à tout</em>, Séverine, Félix Juven, 1903</li><li>L<em>e testament d&rsquo;un excentrique</em> : 61 illustrations par George Roux, 35 vues des États-Unis d&rsquo;Amérique, … Jules Verne, Hetzel, 1899</li><li><em>Dans les roseaux : scènes enfantines en 40 tableaux</em>, Denise Toutant, Fréd. Boissonnas, 1896</li><li><em>Abécédaire </em>[du Maréchal Pétain] : [photographie], Bureau de Documentation du Chef de l’État, 1943</li></ul>



<div style="height:20px" aria-hidden="true" class="wp-block-spacer"></div>



<h4 class="wp-block-heading">Espace pédagogique</h4>



<ul class="wp-block-list"><li><em>Qui suis-je ?</em>, Claire Dé, Les Grandes personnes, 2018</li><li><em> L’abécédire</em>, Lily Franey,  Alain Serres, Olivier Tallec, Rue du monde, 2001</li><li><em><em>Le magicien d’os</em></em>, Isabelle Gil, L’École des loisirs, 2015</li><li><em>Les hommes n’en font qu’à leur tête</em>, François David, Olivier Thiebaut, Sarbacane, 2011</li><li><em>Bric-à-bra</em>c, Maria Jalibert, Olivier Maufrey, Didier Jeunesse, 2013</li><li><em>À table</em> !, Katy Couprie, Antonin Louchard © Editions Thierry Magnier, 2008, 2019</li><li><em>Portraits de famille</em>, Jean-Claude Loubières, livre d&rsquo;artiste, 2006</li><li><em>Regarde </em>!, Emmanuel Sougez, H. Jonquières, 1931</li><li><em>Deux petits ours</em>, Ylla, MeMo, 2018</li><li><em>La Bâche, Amadou acrobate,</em> Suzi Pilet, Alexis Peiry, © La Joie de lire, 2013</li><li><em>Loupé </em>de Christian Voltz © Rouergue, 2017</li><li><em>Les songes de l&rsquo;ours, </em>Francois Delebecque © éditions Thierry Magnier, 2005</li><li><em>Le jour où je serai grande</em>, Timothée de Fombelle, photographies de Marie Liesse, Gallimard Jeunesse, 2020</li></ul>



<div style="height:21px" aria-hidden="true" class="wp-block-spacer"></div>



<p>Tous les autres crédits de l&rsquo;exposition virtuelle sont mentionnés en légende des images dans les différents chapitres du site.</p>



<p><br></p>

<p>Clic Clac est une exposition Rosalis, bibliothèque numérique de la Bibliothèque de Toulouse. Éditeur du site&nbsp;: Mairie de Toulouse. Adresse&nbsp;: Hôtel de Ville, place du Capitole, 31 040 Toulouse Cedex 6 Directeur de la publication&nbsp;: Jean-Luc Moudenc, Maire de Toulouse Hébergeur du site : Com6 interactive Adresse : 3 rue Antoine Lavoisier 31140 Launaguet Page [&hellip;]</p>
