{"id":2114,"date":"2021-05-28T14:48:00","date_gmt":"2021-05-28T12:48:00","guid":{"rendered":"https:\/\/expo.rosalis.bibliotheque.toulouse.fr\/clic-clac\/?page_id=2114"},"modified":"2021-05-29T15:40:53","modified_gmt":"2021-05-29T13:40:53","slug":"espace-pedagogique-pour-le-cycle-3","status":"publish","type":"page","link":"https:\/\/expo.rosalis.bibliotheque.toulouse.fr\/clic-clac\/espace-pedagogique\/espace-pedagogique-pour-le-cycle-3\/","title":{"rendered":"CYCLE 3"},"content":{"rendered":"\n<div class=\"wp-block-expo-extract\"><p class=\"extract_title colored\">RACONTER DES HISTOIRES \u00c0 TRAVERS LES ALBUMS et les contes<\/p><p class=\"extract_content\">Cet espace pr\u00e9sente quelques <strong>pistes p\u00e9dagogiques<\/strong> \u00e0 destination des <strong>enseignants du cycle 3<\/strong> afin de les accompagner dans la d\u00e9couverte de quelques <strong>albums et contes<\/strong> de <strong>l&rsquo;exposition<\/strong> <em>\u00ab\u00a0Clic clac, la photographie dans la litt\u00e9rature de jeunesse\u00a0\u00bb<\/em>.<br><br>L&rsquo;exposition virtuelle met en avant aussi bien les richesses des collections patrimoniales du 20<sup>e<\/sup>\u00a0si\u00e8cle que des \u00e9ditions actuelles. Elle est l&rsquo;occasion de faire <strong>rencontrer aux \u00e9l\u00e8ves des oeuvres<\/strong> de diff\u00e9rentes \u00e9poques, aux techniques d&rsquo;illustrations vari\u00e9es, et ainsi de construire une culture artistique de r\u00e9f\u00e9rence, comme pr\u00e9conis\u00e9 dans le Parcours d&rsquo;Education Artistique et Culturelle <strong>(PEAC)<\/strong>.<\/p><\/div>\n\n\n\n<div style=\"height:45px\" aria-hidden=\"true\" class=\"wp-block-spacer\"><\/div>\n\n\n\n<div style=\"height:15px\" aria-hidden=\"true\" class=\"wp-block-spacer\"><\/div>\n\n\n\n<hr class=\"wp-block-separator\"\/>\n\n\n\n<h2 class=\"has-text-align-center wp-block-heading\"><strong>D\u00e9couverte de quelques<\/strong> <strong>albums et contes<\/strong><\/h2>\n\n\n\n<div style=\"height:25px\" aria-hidden=\"true\" class=\"wp-block-spacer\"><\/div>\n\n\n\n<div style=\"width: 100%;\">\n    <div style=\"position: relative; padding-bottom: 56.25%; padding-top: 0; height: 0;\">\n        <div class=\"embed-responsive embed-responsive-16by9\"><iframe loading=\"lazy\" class=\"embed-responsive-item\" style=\"position: absolute; top: 0; left: 0; width: 100%; height: 100%;\" src=\"https:\/\/www.youtube.com\/embed\/jc6qcjEP3eE?rel=0\" type=\"text\/html\" allowscriptaccess=\"always\" allowfullscreen=\"true\" scrolling=\"yes\" allownetworking=\"all\" allow=\"accelerometer; autoplay; clipboard-write; encrypted-media; gyroscope; picture-in-picture\" width=\"1200\" height=\"675\" frameborder=\"0\"><\/iframe><\/div>\n    <\/div>\n<\/div>\n\n\n\n<div style=\"height:60px\" aria-hidden=\"true\" class=\"wp-block-spacer\"><\/div>\n\n\n\n<hr class=\"wp-block-separator\"\/>\n\n\n\n<h2 class=\"has-text-align-center wp-block-heading\"><strong>Deux th\u00e9matiques<\/strong> <strong>pour vous accompagner <\/strong><\/h2>\n\n\n\n<div style=\"height:25px\" aria-hidden=\"true\" class=\"wp-block-spacer\"><\/div>\n\n\n\n<div class=\"wp-block-columns is-layout-flex wp-container-core-columns-is-layout-9d6595d7 wp-block-columns-is-layout-flex\">\n<div class=\"wp-block-column is-layout-flow wp-block-column-is-layout-flow\">\n<div class=\"wp-block-columns is-layout-flex wp-container-core-columns-is-layout-9d6595d7 wp-block-columns-is-layout-flex\">\n<div class=\"wp-block-column is-layout-flow wp-block-column-is-layout-flow\" style=\"flex-basis:100%\">\n<div class=\"wp-block-columns is-layout-flex wp-container-core-columns-is-layout-9d6595d7 wp-block-columns-is-layout-flex\">\n<div class=\"wp-block-column is-layout-flow wp-block-column-is-layout-flow\">\n<figure class=\"wp-block-image size-large\"><a href=\"https:\/\/expo.rosalis.bibliotheque.toulouse.fr\/clic-clac\/espace-pedagogique\/espace-pedagogique-pour-le-cycle-3-2\/des-albums-aux-questions-existentielles\/\"><img loading=\"lazy\" decoding=\"async\" width=\"1024\" height=\"1012\" src=\"https:\/\/expo.rosalis.bibliotheque.toulouse.fr\/clic-clac\/wp-content\/uploads\/sites\/5\/2021\/04\/Les-songes-de-lours-1024x1012.jpeg\" alt=\"\" class=\"wp-image-2146\" srcset=\"https:\/\/expo.rosalis.bibliotheque.toulouse.fr\/clic-clac\/wp-content\/uploads\/sites\/5\/2021\/04\/Les-songes-de-lours-1024x1012.jpeg 1024w, https:\/\/expo.rosalis.bibliotheque.toulouse.fr\/clic-clac\/wp-content\/uploads\/sites\/5\/2021\/04\/Les-songes-de-lours-300x296.jpeg 300w, https:\/\/expo.rosalis.bibliotheque.toulouse.fr\/clic-clac\/wp-content\/uploads\/sites\/5\/2021\/04\/Les-songes-de-lours-768x759.jpeg 768w, https:\/\/expo.rosalis.bibliotheque.toulouse.fr\/clic-clac\/wp-content\/uploads\/sites\/5\/2021\/04\/Les-songes-de-lours-1536x1518.jpeg 1536w, https:\/\/expo.rosalis.bibliotheque.toulouse.fr\/clic-clac\/wp-content\/uploads\/sites\/5\/2021\/04\/Les-songes-de-lours-2048x2024.jpeg 2048w, https:\/\/expo.rosalis.bibliotheque.toulouse.fr\/clic-clac\/wp-content\/uploads\/sites\/5\/2021\/04\/Les-songes-de-lours-1400x1384.jpeg 1400w\" sizes=\"auto, (max-width: 1024px) 100vw, 1024px\" \/><\/a><\/figure>\n\n\n\n<h3 class=\"has-text-align-center wp-block-heading\">Des albums aux questions existentielles<\/h3>\n\n\n\n<div style=\"height:61px\" aria-hidden=\"true\" class=\"wp-block-spacer\"><\/div>\n<\/div>\n\n\n\n<div class=\"wp-block-column is-layout-flow wp-block-column-is-layout-flow\">\n<figure class=\"wp-block-image size-large\"><a href=\"https:\/\/expo.rosalis.bibliotheque.toulouse.fr\/clic-clac\/espace-pedagogique\/espace-pedagogique-pour-le-cycle-3\/des-contes-revisites-pour-nourrir-limaginaire\/\"><img loading=\"lazy\" decoding=\"async\" width=\"1024\" height=\"1007\" src=\"https:\/\/expo.rosalis.bibliotheque.toulouse.fr\/clic-clac\/wp-content\/uploads\/sites\/5\/2021\/05\/Le-jour-ou\u0300-je-serai-grande-1024x1007.jpg\" alt=\"\" class=\"wp-image-3775\" srcset=\"https:\/\/expo.rosalis.bibliotheque.toulouse.fr\/clic-clac\/wp-content\/uploads\/sites\/5\/2021\/05\/Le-jour-ou\u0300-je-serai-grande-1024x1007.jpg 1024w, https:\/\/expo.rosalis.bibliotheque.toulouse.fr\/clic-clac\/wp-content\/uploads\/sites\/5\/2021\/05\/Le-jour-ou\u0300-je-serai-grande-300x295.jpg 300w, https:\/\/expo.rosalis.bibliotheque.toulouse.fr\/clic-clac\/wp-content\/uploads\/sites\/5\/2021\/05\/Le-jour-ou\u0300-je-serai-grande-768x755.jpg 768w, https:\/\/expo.rosalis.bibliotheque.toulouse.fr\/clic-clac\/wp-content\/uploads\/sites\/5\/2021\/05\/Le-jour-ou\u0300-je-serai-grande-1536x1510.jpg 1536w, https:\/\/expo.rosalis.bibliotheque.toulouse.fr\/clic-clac\/wp-content\/uploads\/sites\/5\/2021\/05\/Le-jour-ou\u0300-je-serai-grande-2048x2013.jpg 2048w, https:\/\/expo.rosalis.bibliotheque.toulouse.fr\/clic-clac\/wp-content\/uploads\/sites\/5\/2021\/05\/Le-jour-ou\u0300-je-serai-grande-1400x1376.jpg 1400w\" sizes=\"auto, (max-width: 1024px) 100vw, 1024px\" \/><\/a><\/figure>\n\n\n\n<h3 class=\"has-text-align-center wp-block-heading\">Des contes revisit\u00e9s pour l&rsquo;imaginaire<\/h3>\n<\/div>\n<\/div>\n<\/div>\n<\/div>\n<\/div>\n<\/div>\n\n\n\n<hr class=\"wp-block-separator\"\/>\n\n\n\n<div style=\"height:27px\" aria-hidden=\"true\" class=\"wp-block-spacer\"><\/div>\n\n\n\n<p><em><span class=\"has-inline-color has-expo-color-color\"><sup>Espace p\u00e9dagogique con\u00e7u et r\u00e9alis\u00e9 par Ingrid Graslin, \u00e9tudiante en master Concepteur de Ressources Num\u00e9riques p\u00e9dagogiques \u00e0 l\u2019Insp\u00e9 Toulouse Occitanie-Pyr\u00e9n\u00e9es, lors d\u2019un stage port\u00e9 par le Service de Documentation de l\u2019Insp\u00e9, en collaboration avec la Biblioth\u00e8que d&rsquo;Etude et du Patrimoine et la M\u00e9diath\u00e8que Jos\u00e9-Cabanis. <\/sup><\/span><\/em><\/p>\n\n\n\n<p><em><span class=\"has-inline-color has-expo-color-color\"><sup>Mai 2021<\/sup><\/span><\/em><\/p>\n","protected":false},"excerpt":{"rendered":"<p>D\u00e9couverte de quelques albums et contes Deux th\u00e9matiques pour vous accompagner Des albums aux questions existentielles Des contes revisit\u00e9s pour l&rsquo;imaginaire Espace p\u00e9dagogique con\u00e7u et r\u00e9alis\u00e9 par Ingrid Graslin, \u00e9tudiante en master Concepteur de Ressources Num\u00e9riques p\u00e9dagogiques \u00e0 l\u2019Insp\u00e9 Toulouse Occitanie-Pyr\u00e9n\u00e9es, lors d\u2019un stage port\u00e9 par le Service de Documentation de l\u2019Insp\u00e9, en collaboration avec [&hellip;]<\/p>\n","protected":false},"author":4,"featured_media":2121,"parent":303,"menu_order":18,"comment_status":"closed","ping_status":"closed","template":"","meta":{"footnotes":""},"class_list":["post-2114","page","type-page","status-publish","has-post-thumbnail","hentry"],"_links":{"self":[{"href":"https:\/\/expo.rosalis.bibliotheque.toulouse.fr\/clic-clac\/wp-json\/wp\/v2\/pages\/2114","targetHints":{"allow":["GET"]}}],"collection":[{"href":"https:\/\/expo.rosalis.bibliotheque.toulouse.fr\/clic-clac\/wp-json\/wp\/v2\/pages"}],"about":[{"href":"https:\/\/expo.rosalis.bibliotheque.toulouse.fr\/clic-clac\/wp-json\/wp\/v2\/types\/page"}],"author":[{"embeddable":true,"href":"https:\/\/expo.rosalis.bibliotheque.toulouse.fr\/clic-clac\/wp-json\/wp\/v2\/users\/4"}],"replies":[{"embeddable":true,"href":"https:\/\/expo.rosalis.bibliotheque.toulouse.fr\/clic-clac\/wp-json\/wp\/v2\/comments?post=2114"}],"version-history":[{"count":45,"href":"https:\/\/expo.rosalis.bibliotheque.toulouse.fr\/clic-clac\/wp-json\/wp\/v2\/pages\/2114\/revisions"}],"predecessor-version":[{"id":3905,"href":"https:\/\/expo.rosalis.bibliotheque.toulouse.fr\/clic-clac\/wp-json\/wp\/v2\/pages\/2114\/revisions\/3905"}],"up":[{"embeddable":true,"href":"https:\/\/expo.rosalis.bibliotheque.toulouse.fr\/clic-clac\/wp-json\/wp\/v2\/pages\/303"}],"wp:featuredmedia":[{"embeddable":true,"href":"https:\/\/expo.rosalis.bibliotheque.toulouse.fr\/clic-clac\/wp-json\/wp\/v2\/media\/2121"}],"wp:attachment":[{"href":"https:\/\/expo.rosalis.bibliotheque.toulouse.fr\/clic-clac\/wp-json\/wp\/v2\/media?parent=2114"}],"curies":[{"name":"wp","href":"https:\/\/api.w.org\/{rel}","templated":true}]}}